, 10597
What are the prime factors of 8585?
5, 17, 101
What are the prime factors of 17064?
2, 3, 79
List the prime factors of 150854.
2, 11, 6857
What are the prime factors of 14382321?
3, 829, 5783
What are the prime factors of 116477?
269, 433
What are the prime factors of 4577149?
4577149
What are the prime factors of 23893913?
97, 246329
What are the prime factors of 23821459?
19, 1253761
List the prime factors of 3400849.
23, 147863
What are the prime factors of 582941?
47, 79, 157
List the prime factors of 255318.
2, 3, 7, 6079
What are the prime factors of 6949421?
19, 365759
List the prime factors of 97407.
3, 79, 137
What are the prime factors of 784381?
13, 60337
List the prime factors of 28281.
3, 11, 857
What are the prime factors of 64921?
64921
What are the prime factors of 638683?
47, 107, 127
List the prime factors of 4669597.
2143, 2179
List the prime factors of 1017099.
3, 113011
List the prime factors of 667481.
503, 1327
What are the prime factors of 20674475?
5, 826979
List the prime factors of 159135.
3, 5, 103
What are the prime factors of 322162?
2, 79, 2039
What are the prime factors of 436880?
2, 5, 43, 127
What are the prime factors of 538518?
2, 3, 89753
List the prime factors of 53371.
19, 53
List the prime factors of 8845787.
1237, 7151
What are the prime factors of 542408?
2, 67801
What are the prime factors of 969534?
2, 3, 61, 883
List the prime factors of 325500.
2, 3, 5, 7, 31
List the prime factors of 8631952.
2, 7, 37, 2083
What are the prime factors of 1169039?
17, 68767
List the prime factors of 788841.
3, 87649
What are the prime factors of 22514956?
2, 5628739
List the prime factors of 2075164.
2, 7, 13, 5701
What are the prime factors of 347556?
2, 3, 11, 2633
What are the prime factors of 2755404?
2, 3, 31, 823
What are the prime factors of 30033018?
2, 3, 67, 2767
List the prime factors of 214652.
2, 103, 521
What are the prime factors of 400162?
2, 7, 101, 283
What are the prime factors of 1588362?
2, 3, 19, 13933
List the prime factors of 11846735.
5, 2369347
List the prime factors of 4360214.
2, 2180107
What are the prime factors of 3103469?
17, 311, 587
List the prime factors of 463590.
2, 3, 5, 17, 101
List the prime factors of 286734.
2, 3, 7, 6827
What are the prime factors of 386662?
2, 103, 1877
What are the prime factors of 738206?
2, 7, 67, 787
List the prime factors of 3902339.
7, 41, 13597
List the prime factors of 1735141.
151, 11491
List the prime factors of 71830.
2, 5, 11, 653
List the prime factors of 389613.
3, 7, 18553
List the prime factors of 118195.
5, 7, 11, 307
What are the prime factors of 11180186?
2, 17, 328829
What are the prime factors of 19743742?
2, 167, 59113
List the prime factors of 974139.
3, 29, 11197
What are the prime factors of 11603344?
2, 725209
List the prime factors of 782478.
2, 3, 29, 1499
List the prime factors of 343144.
2, 59, 727
What are the prime factors of 695785?
5, 37, 3761
What are the prime factors of 2363?
17, 139
List the prime factors of 643304.
2, 97, 829
List the prime factors of 300612.
2, 3, 13, 41, 47
What are the prime factors of 738111?
3, 11, 22367
List the prime factors of 21242599.
7, 3034657
What are the prime factors of 1829685?
3, 5, 11, 13, 853
List the prime factors of 932940.
2, 3, 5, 71, 73
List the prime factors of 247479.
3, 82493
What are the prime factors of 4646658?
2, 3, 823, 941
List the prime factors of 97890.
2, 3, 5, 13, 251
List the prime factors of 7785462.
2, 3, 233, 5569
What are the prime factors of 104524?
2, 7, 3733
List the prime factors of 36816.
2, 3, 13, 59
What are the prime factors of 580314?
2, 3, 7, 41, 337
What are the prime factors of 1818938?
2, 11, 29, 2851
What are the prime factors of 2484307?
7, 19, 18679
List the prime factors of 18934031.
18934031
What are the prime factors of 21778112?
2, 340283
List the prime factors of 126788.
2, 29, 1093
List the prime factors of 1674877.
61, 27457
List the prime factors of 407763.
3, 45307
List the prime factors of 4423175.
5, 176927
List the prime factors of 2822879.
2822879
List the prime factors of 998787.
3, 577
What are the prime factors of 9095807?
7, 53, 24517
What are the prime factors of 40254?
2, 3, 6709
What are the prime factors of 718573?
17, 43, 983
What are the prime factors of 1084313?
1084313
What are the prime factors of 4378878?
2, 3, 7, 23, 1511
List the prime factors of 341824.
2, 7, 109
What are the prime factors of 2166046?
2, 101, 10723
List the prime factors of 10803179.
463, 23333
List the prime factors of 110422.
2, 13, 31, 137
List the prime factors of 3870647.
11, 23, 15299
List the prime factors of 74720.
2, 5, 467
What are the prime factors of 2562890?
2, 5, 11, 23, 1013
What are the prime factors of 369195?
3, 5, 151, 163
List the prime factors of 835889.
23, 36343
What are the prime factors of 137425?
5, 23, 239
What are the prime factors of 4833624?
2, 3, 201401
List the prime factors of 7144777.
17, 487, 863
List the prime factors of 3717804.
2, 3, 359, 863
What are the prime factors of 509377?
11, 46307
What are the prime factors of 2855420?
2, 5, 142771
List the prime factors of 122849.
122849
What are the prime factors of 21388331?
37, 578063
What are the prime factors of 7524774?
2, 3, 418043
What are the prime factors of 4224006?
2, 3, 61, 3847
What are the prime factors of 224562?
2, 3, 13, 2879
What are the prime factors of 6651799?
7, 11, 41, 43
List the prime factors of 536998.
2, 7, 11, 317
List the prime factors of 38384298.
2, 3, 2132461
What are the prime factors of 442714?
2, 17, 29, 449
List the prime factors of 2236103.
29, 83, 929
What are the prime factors of 315449?
315449
What are the prime factors of 537395?
5, 23, 4673
What are the prime factors of 132006?
2, 3, 7, 449
What are the prime factors of 325207?
313, 1039
What are the prime factors of 9260010?
2, 3, 5, 31, 3319
What are the prime factors of 174836?
2, 109, 401
List the prime factors of 1126895.
5, 7, 11, 2927
List the prime factors of 8676311.
7, 31, 39983
What are the prime factors of 2108716?
2, 527179
What are the prime factors of 293000?
2, 5, 293
List the prime factors of 425668.
2, 106417
List the prime factors of 42310.
2, 5, 4231
List the prime factors of 2530192.
2, 7, 19, 29, 41
What are the prime factors of 441913?
441913
What are the prime factors of 526484?
2, 7, 18803
What are the prime factors of 276052?
2, 7, 9859
List the prime factors of 185381.
7, 71, 373
What are the prime factors of 152607?
3, 7, 13, 43
List the prime factors of 30522938.
2, 15261469
What are the prime factors of 171820?
2, 5, 11, 71
What are the prime factors of 747632?
2, 46727
What are the prime factors of 488870?
2, 5, 19, 31, 83
List the prime factors of 280093.
11, 25463
List the prime factors of 1725385.
5, 61, 5657
What are the prime factors of 872918?
2, 436459
What are the prime factors of 30065076?
2, 3, 835141
List the prime factors of 3778523.
7, 61, 8849
List the prime factors of 72925.
5, 2917
List the prime factors of 209384.
2, 7, 3739
List the prime factors of 7641887.
11, 694717
List the prime factors of 3880892.
2, 337, 2879
What are the prime factors of 32682745?
5, 1973, 3313
List the prime factors of 2788840.
2, 5, 113, 617
What are the prime factors of 1946055?
3, 5, 129737
What are the prime factors of 17510998?
2, 8755499
List the prime factors of 4265156.
2, 7, 47, 463
List the prime factors of 86037.
3, 7, 17, 241
List the prime factors of 7461235.
5, 31, 37, 1301
List the prime factors of 1908550.
2, 5, 7, 19, 41
What are the prime factors of 15414495?
3, 5, 17, 60449
What are the prime factors of 301399?
7, 6151
List the prime factors of 959269.
959269
List the prime factors of 450301.
450301
List the prime factors of 37613337.
3, 2137, 5867
What are the prime factors of 90571?
13, 6967
List the prime factors of 6364477.
7, 17, 79, 677
What are the prime factors of 118213?
118213
List the prime factors of 3298476.
2, 3, 17, 19, 23, 37
What are the prime factors of 3312980?
2, 5, 11, 37
List the prime factors of 159017.
159017
List the prime factors of 511299.
3, 29, 653
What are the prime factors of 942444?
2, 3, 47, 557
List the prime factors of 7659774.
2, 3, 19, 22397
List the prime factors of 31784867.
67, 181